) = -t**2 - 80*t - 678. Give h(-10).
22
Let d(h) = -h**3 + 13*h**2 + 4*h + 5. Determine d(13).
57
Let o(u) = 2*u**3 - 14*u**2 + 23*u - 121. What is o(6)?
-55
Let r(p) = p**3 - 38*p**2 - 124*p + 2. What is r(41)?
-39
Let u(o) = o**2 + 46*o + 552. Give u(-22).
24
Let p(z) = z**2 + 9*z - 155. Determine p(-20).
65
Let s(b) = 2327*b + 9425. Determine s(-4).
117
Let p(k) = k**2 + 38*k - 398. Give p(9).
25
Let u(c) = 15*c - 119. Determine u(-5).
-194
Let z(y) = -y**3 - 13*y**2 - 8*y + 41. What is z(-9)?
-211
Let t(b) = b**2 + 147*b - 19145. What is t(83)?
-55
Let m(w) = 3*w**2 - 18*w - 15. Determine m(7).
6
Let p(h) = -11003*h + 22000. Calculate p(2).
-6
Let l(i) = -176*i + 39972. Determine l(227).
20
Let k(t) = 641*t - 60901. Calculate k(95).
-6
Let l(g) = -4*g - 43. Calculate l(-19).
33
Let g(x) = 31*x - 303. What is g(18)?
255
Let f(q) = q**3 + 18*q**2 + 15*q + 36. Determine f(-17).
70
Let g(m) = -26*m + 273. What is g(9)?
39
Let i(d) = -d + 56. Determine i(-12).
68
Let q(x) = -x**2 - 182*x - 3099. Determine q(-19).
-2
Let c(h) = -h**2 + 106*h - 1652. Calculate c(87).
1
Let c(p) = 182*p + 533. Give c(-3).
-13
Let b(y) = 54*y + 8479. What is b(-157)?
1
Let t(u) = -55*u + 371. Give t(7).
-14
Let n(r) = -48*r**2 - 398*r - 38. What is n(-11)?
-1468
Let y(a) = -10*a**2 + 661*a - 118. Determine y(66).
-52
Let o(v) = 201*v + 1937. Calculate o(-10).
-73
Let t(r) = -47*r - 43. What is t(0)?
-43
Let k(g) = g**3 - 18*g**2 - 47*g + 16. Determine k(20).
-124
Let y(w) = 38*w + 672. Calculate y(-8).
368
Let k(t) = -58*t**2 - 29*t - 1. Calculate k(-2).
-175
Let q(o) = -186*o - 870. Calculate q(-2).
-498
Let r(s) = -40*s**2 - 464*s + 39. Determine r(-12).
-153
Let p(f) = 46*f - 286. Calculate p(7).
36
Let i(q) = -10*q - 51. Determine i(-1).
-41
Let g(q) = -3*q**2 - 107*q + 110. What is g(-32)?
462
Let c(f) = 3*f**2 - 3746*f + 37165. Give c(10).
5
Let d(g) = 3*g**3 - 33*g**2 + 66*g - 15. What is d(9)?
93
Let w(u) = -3*u**3 - u**2 - u + 40. Calculate w(0).
40
Let p(z) = z**3 + 3*z**2 - 13*z - 49. Determine p(-4).
-13
Let q(b) = -b**2 - 8*b + 311. What is q(13)?
38
Let i(m) = m**3 - 8*m**2 - 23*m - 49. Give i(9).
-175
Let n(m) = m**2 + 87*m - 769. Determine n(8).
-9
Let q(m) = -3*m**3 + 2*m**2 + 2*m - 13. Determine q(2).
-25
Let q(f) = -f**2 - 12*f - 11. Determine q(-8).
21
Let h(i) = -10330*i - 20687. What is h(-2)?
-27
Let f(d) = d**3 - 13*d**2 - 27*d + 45. Determine f(1).
6
Let w(v) = -v - 71. Determine w(39).
-110
Let n(t) = -3*t**2 - 10*t + 17. Calculate n(3).
-40
Let x(g) = -g**3 - 112*g**2 + 123*g + 13770. Determine x(-112).
-6
Let v(i) = i**2 - 23*i - 27. Give v(24).
-3
Let n(o) = o**3 - o**2 - 30*o + 4. What is n(0)?
4
Let s(x) = -x**2 + 51*x - 594. Calculate s(33).
0
Let g(i) = -2*i**2 - 335*i - 7793. Give g(-28).
19
Let s(h) = -3*h**2 + 847*h + 27099. Determine s(-29).
13
Let s(c) = -5*c + 106. What is s(17)?
21
Let a(f) = -f**3 - 34*f**2 + 128*f + 5307. What is a(-33)?
-6
Let y(v) = -14*v - 137. Calculate y(-12).
31
Let u(h) = -318*h + 252. Give u(1).
-66
Let w(s) = 9*s - 20. What is w(-1)?
-29
Let s(f) = 1278*f - 33224. Determine s(26).
4
Let q(b) = -b**3 - 44*b**2 - 40*b + 128. Give q(-43).
-1
Let f(y) = -68*y + 891. What is f(14)?
-61
Let j(w) = -792*w - 15070. What is j(-19)?
-22
Let n(c) = -11*c**3 - 5*c**2 - 222*c - 221. Calculate n(-1).
7
Let m(q) = q**2 + 42*q - 216. Determine m(5).
19
Let n(m) = m**3 + 14*m**2 + 2*m - 203. Give n(-10).
177
Let p(n) = 4*n**3 + 5*n**2 - 9*n - 56. What is p(3)?
70
Let c(x) = x**3 - 12*x**2 + 24*x - 5. What is c(6)?
-77
Let f(m) = -105*m + 2020. Calculate f(21).
-185
Let c(l) = -6*l**2 - 344*l + 215. Calculate c(-56).
663
Let b(q) = -7*q + 41. What is b(30)?
-169
Let k(u) = -u**3 + 9*u**2 + 19*u - 205. Give k(9).
-34
Let k(m) = 403*m - 4397. What is k(11)?
36
Let l(p) = 760*p - 3493. Calculate l(4).
-453
Let j(o) = -220*o + 873. Give j(4).
-7
Let v(q) = q**2 + 13*q - 937. Calculate v(25).
13
Let c(n) = n**3 - 99*n**2 + 889*n + 85. Determine c(89).
-4
Let x(d) = -3502*d - 56033. What is x(-16)?
-1
Let m(h) = 20*h - 1145. Give m(57).
-5
Let k(p) = -303*p**3 + 2*p - 4. Give k(1).
-305
Let i(c) = -326*c - 324. Give i(-1).
2
Let t(q) = -q**3 + 13*q**2 + 93*q - 1060. What is t(14)?
46
Let v(q) = 35*q**2 - 670*q + 21. Determine v(19).
-74
Let w(z) = -z**2 + 16*z - 11. Determine w(20).
-91
Let h(q) = -319*q**2 - q. What is h(1)?
-320
Let w(f) = -17*f - 84. Determine w(-7).
35
Let h(f) = -f**3 + 25*f**2 + 8*f - 808. Determine h(24).
-40
Let b(l) = -60*l**2 + 1485*l + 376. Determine b(25).
1
Let c(i) = 57*i - 9283. What is c(163)?
8
Let c(v) = 612*v - 2446. Give c(4).
2
Let b(c) = -1875*c - 13130. Calculate b(-7).
-5
Let h(x) = 8*x - 183. What is h(40)?
137
Let j(w) = -2*w**3 + 10*w**2 + 16*w - 16. Determine j(8).
-272
Let u(f) = -12*f - 86. Give u(-20).
154
Let w(j) = -j**3 - 11*j**2 + 168*j - 141. Give w(8).
-13
Let s(m) = -117*m + 7220. Determine s(60).
200
Let d(h) = 33*h + 579. Determine d(-13).
150
Let g(s) = -46*s - 321. What is g(-7)?
1
Let a(z) = -6*z**3 - 295*z**2 - 49*z - 39. Give a(-49).
-39
Let g(c) = 35*c - 1445. Determine g(48).
235
Let a(m) = 13192*m + 118715. Give a(-9).
-13
Let b(q) = q**2 - 4*q - 259. Determine b(-22).
313
Let s(x) = -191*x**2 + 515*x + 27. Give s(3).
-147
Let c(u) = -u**3 - 51*u**2 - 342*u + 97. Give c(-43).
11
Let z(r) = 64*r**3 + r**2 - 6*r + 6. Calculate z(1).
65
Let f(o) = o**3 + 42*o**2 - 183*o + 38. What is f(-46)?
-8
Let o(v) = 2*v**2 - 110*v + 891. What is o(11)?
-77
Let y(r) = -r**2 + 6*r - 25. Calculate y(11).
-80
Let w(l) = 44*l**2 - 131*l - 18. Give w(3).
-15
Let n(o) = -9*o**2 + 66*o + 118. Determine n(9).
-17
Let k(p) = -p**3 + 7*p**2 - 104*p - 244. Give k(-2).
0
Let o(k) = 4*k**3 + 86*k**2 - 44*k + 28. Calculate o(-22).
28
Let v(m) = 2*m**3 - 8*m**2 - 11*m + 26. Determine v(6).
104
Let m(r) = 39*r**3 + r**2 - 3*r + 1. Determine m(1).
38
Let p(k) = 125*k - 12832. What is p(103)?
43
Let h(z) = 49*z + 1516. Determine h(-32).
-52
Let f(l) = -211*l - 6407. Calculate f(-31).
134
Let c(o) = 243*o + 4140. Give c(-19).
-477
Let d(s) = 10*s + 263. What is d(-25)?
13
Let x(v) = 3831*v + 3823. Determine x(-1).
-8
Let y(g) = g**3 + 14*g**2 - 63*g - 754. Give y(-15).
-34
Let y(t) = 296*t - 13297. Calculate y(45).
23
Let y(u) = -u + 27. What is y(60)?
-33
Let x(h) = 2*h**3 + 178*h**2 - 13*h - 1159. Determine x(-89).
-2
Let z(f) = -2*f**2 - 56*f - 55. Determine z(-28).
-55
Let v(s) = 212*s - 415. Give v(2).
9
Let m(n) = -2*n**2 - 29*n + 6. What is m(-21)?
-267
Let d(s) = -6*s**3 + 85*s**2 - 57*s + 601. Determine d(14).
-1
Let x(l) = 4*l**2 + 28*l + 32. Give x(-3).
-16
Let k(j) = -144*j + 2922. Determine k(23).
-390
Let n(x) = -5*x**3 - 236*x**2 - 45*x + 85. What is n(-47)?
-9
Let n(d) = -49*d**2 + 607*d - 234. Calculate n(12).
-6
Let d(f) = -f**3 - 32*f**2 - 150*f - 1047. Determine d(-28).
17
Let t(u) = -115*u + 563. Determine t(5).
-12
Let f(n) = -541*n - 3775. Give f(-7).
12
Let r(k) = k**3 - 25*k**2 - 40*k + 1983. What is r(23)?
5
Let k(o) = 49*o + 67. Calculate k(-2).
-31
Let c(d) = -88*d + 852. Calculate c(14).
-380
Let h(j) = 29*j + 78. Give h(-2).
20
Let w(i) = 112*i - 1582. Calculate w(14).
-14
Let d(y) = y**3 - 5*y**2 + 56*y - 135. Determine d(3).
15
Let q(t) = -36*t + 2853. Give q(78).
45
Let c(u) = -3*u - 182. Give c(24).
-254
Let s(a) = a**2 - 106*a - 1031. Give s(115).
4
Let c(f) = -52*f + 16. Give c(3).
-140
Let h(z) = -8*z**2 + 51*z + 3. Give h(6).
21
Let a(l) = -l**3 + 29*l**2 - 119*l + 2521. Give a(28).
-27
Let l(c) = 32*c**2 + 672*c + 15. Give l(-21).
15
Let r(n) = 36*n - 100. Determine r(11).
296
Let t(m) = -m**2 + 30*m + 503. Calculate t(47).
-296
Let n(d) = -12*d**2 - 141*d - 305. What is n(-10)?
-95
Let q(b) = 4*b**3 - 213*b**2 + 31*b + 1184. What is q(53)?
18
Let c(q) = -452*q + 3161. Determine c(7).
-3
Let j(y) = -202*y + 2007. What is j(10)?
-13
Let g(i) = -i**3 - 42*i**2 + 84*i - 92. Calculate g(-44).
84
Let j(k) = k**3 - 5*k**2 - 14*k + 74. Give j(5).
4
Let v(k) = -2*k**3 - 598*k**2 - 3511*k + 1471. Give v(-293).
6
Let h(f) = 643*f - 668. Give h(1).
-25
Let m(c) = c**3 + 21*c**2 + 6*c + 1200. What is m(-23)?
4
Let w(s) = 22*s + 138. Calculate w(22).
622
Let z(c) = 2*c**3 - 7*c**2 + 20*c - 83. Calculate z(4).
13
Let l(u) = u**3 + 8*u**2 + 10*u - 4. Calculate l(